visor of s and h.
16
Let o(w) = -21*w**2 - 6*w + 189. Let y be o(0). Calculate the highest common divisor of 336 and y.
21
Suppose -5*v + 5*o + 58 = 2*o, -5*o = 4*v - 2. What is the highest common factor of v and 844?
4
Let p(s) = -4*s + 12. Suppose -5*n - 3*r + 125 = -17, 5*n - 149 = 4*r. Suppose x = n - 27. Let w be p(x). What is the highest common divisor of 20 and w?
4
Suppose -17*k + 22*k - 30 = 0, 3*a = 4*k + 174. Calculate the highest common divisor of a and 5214.
66
Suppose 103*l - 85*l - 16 = 38. Calculate the highest common factor of 3990 and l.
3
Let c(r) be the first derivative of -13*r**2 + 26*r - 12. Let s be c(-2). Calculate the greatest common divisor of 12 and s.
6
Suppose 24*a - 22*a - 6 = 0. Let z = -14 - -23. Suppose t - 3*o - 34 = 0, a*o = -0*o + z. Calculate the greatest common factor of 215 and t.
43
Let k(f) = -3*f**2 + 113*f + 1927. Let r be k(0). Calculate the greatest common factor of 287 and r.
41
Let k = -23725 - -23767. Let s(l) = 18*l**3 - 3*l**2 + 3. Let b be s(3). Calculate the greatest common divisor of b and k.
42
Suppose 19*t - 12*t - 7980 = 0. What is the highest common factor of t and 540?
60
Suppose -3*j + 23024 = -4*x, -2*j + 17946 = -2*x + 2596. What is the highest common divisor of j and 76?
76
Suppose -76 = 3*n + 8*u - 7*u, -n = -u + 20. Let l be n/5*190/(-114). Calculate the highest common divisor of l and 2.
2
Suppose 5*m = -18*m + 851. Suppose -m*u + 38*u = 70. What is the highest common divisor of u and 14?
14
Let k be (792/(-14))/((-14)/(-77) + 122/(-308)). Calculate the greatest common factor of k and 1782.
66
Let w be (2 - 6)/2*(-5 - -1). Let z(n) = 3*n**2 - 14*n + 28. Let d be z(w). What is the highest common factor of 18 and d?
18
Let y(j) = 3 + 4*j - 20*j**2 + 23 + 14*j**2 - j**3 + 2*j**3. Let n be y(11). What is the highest common divisor of 9 and n?
9
Suppose -n + 12 = -3*r, -4*n - 2 = 5*r - 33. Let g be 2 + 8/(8/n). Calculate the greatest common divisor of 2 and g.
1
Let z be (5727*2*(-1 + 3))/2. What is the highest common divisor of z and 166?
166
Let a be 14 + (-10 - -24 - 13). Calculate the highest common factor of 140 and a.
5
Let o(s) = s**3 - 10*s**2 + 12*s. Let u = -356 - -365. Let p be o(u). Calculate the highest common divisor of p and 864.
27
Let a(c) = 2*c**2 - 47*c + 9. Let r be a(-3). Calculate the greatest common factor of 448 and r.
56
Suppose 73*w = 33*w + 4943 + 15697. What is the highest common divisor of 30 and w?
6
Suppose 7436*c - 82544 = 7369*c. What is the greatest common divisor of 644 and c?
28
Suppose 0 = -31*k + 16*k + 9165. What is the greatest common factor of 13 and k?
13
Let h(g) = -g**3 + 11*g**2 - 11*g - 34. Let p be h(9). Let s = 520 + 147. What is the greatest common factor of s and p?
29
Let z = -694 + -240. Let h = z + 1506. What is the highest common factor of 52 and h?
52
Suppose -4*b + 497 = -5*w, -4*b + w + 477 = -0*b. Suppose 6*l = b + 98. Calculate the highest common divisor of l and 252.
36
Let w(r) = 2*r**3 + 32*r**2 + 5*r + 14. Let u be w(-16). Let q be ((-10)/6)/(55/u). Calculate the highest common divisor of 14 and q.
2
Suppose -x + 988 = -4*g, 5*g = 89*x - 94*x + 4990. Calculate the highest common divisor of x and 60.
12
Let q(y) = 3*y - 41. Let z(s) = 4*s - 62. Let d(m) = 8*q(m) - 5*z(m). Let p be d(11). Let f = p - 22. What is the greatest common factor of f and 14?
2
Suppose 0 = 182*y - 261*y + 15405. What is the highest common divisor of y and 650?
65
Let o be (40/12)/(2/3). Suppose -o*y = -0*y - 60. Let k be 30/y*32/10. Calculate the greatest common factor of k and 8.
8
Let g = 562 - -1154. Suppose -10*m = -23*m + g. What is the highest common factor of m and 84?
12
Let r = -197 - -311. Let v = -99500 + 99576. What is the greatest common factor of v and r?
38
Suppose 3*m - 21 = 0, 2*h - 45*m - 206 = -47*m. What is the highest common factor of h and 368?
16
Suppose 21*h - 5166 = 18*h. What is the highest common factor of 123 and h?
123
Let b be (-76)/(-68) + 4 + 4/(-34). Let z be (-9)/(b - 64/12). What is the greatest common factor of 45 and z?
9
Let x be (60/(-35))/(-3 + 309/105). Suppose -1 = 2*a - 2*w - 67, -x = -a - 2*w. What is the highest common divisor of 4 and a?
4
Let j = -2423 - -2429. What is the highest common factor of 194 and j?
2
Let i(d) = 7*d**2 - 25*d - 72. Let m be i(-8). What is the highest common divisor of 27 and m?
9
Let y be ((-90)/150 - (-116)/160) + (-46)/(-16). Calculate the greatest common factor of y and 4728.
3
Let p be (1/1*2)/(1/8). Let r be (645/(-20) - -3)/((-2)/p). What is the highest common divisor of r and 26?
26
Suppose -5*y = -4*b + 898 + 991, 4*y + 1416 = 3*b. Calculate the greatest common divisor of b and 448.
28
Suppose -3*t - 5*n = t + 89, -3*t + 5*n = 23. Let i = t + 9. Let p be i/((-21)/24) - -4. What is the greatest common divisor of p and 3?
3
Suppose 2*r - 16*r + 5313 = 7*r. Suppose -68*s - 46 = -70*s. Calculate the highest common divisor of r and s.
23
Let k = -232 - -234. Suppose -5*j + 701 = 4*i - 57, 4 = k*j. What is the greatest common factor of 22 and i?
11
Suppose 0 = -7*j + 180 + 163. Let k = 6 - -8. Suppose 0 = 3*y - y - k. What is the highest common factor of j and y?
7
Let c be 12/((-1)/(6076/(-42))). Calculate the highest common factor of c and 56.
56
Let r = 25 - 14. Suppose -6*c + r*c - 75 = 0. Suppose 5*d - 20 + 50 = 4*o, -3*o + d = -17. What is the greatest common divisor of c and o?
5
Suppose -115 = 5*p - 155. Let d(g) = g + 27. Let y be d(p). What is the highest common divisor of y and 70?
35
Suppose 5*k = -82 + 352. Let t(l) = -2*l**3 + 28*l**2 - 43*l + 183. Let q be t(12). Calculate the highest common factor of q and k.
27
Suppose -223*a + 4770 = -64*a. Calculate the highest common divisor of 535 and a.
5
Suppose 2 = 6*p - 10. Suppose 2*r = p*r + 3*r. Suppose -3*l + 2*u + 12 = 0, r = l - u - 3 - 1. What is the greatest common divisor of l and 6?
2
Let x(g) = 5*g**2 + 20*g - 59. Let k be x(-6). Calculate the highest common divisor of 5 and k.
1
Suppose h + 5568 = 9*h. Suppose 0 = 4*c - 120 - h. Calculate the highest common factor of c and 51.
51
Let k = 4160 + -4016. What is the highest common divisor of 480 and k?
48
Let s(y) be the first derivative of y**4/4 - y**3 + y**2/2 + 3*y + 10. Let d be s(4). Suppose -13 - d = -b. Calculate the greatest common divisor of 6 and b.
6
Let o = 0 - -21. Let f be 8540/o - (-1)/3. Calculate the highest common factor of 37 and f.
37
Let w = 4519 - 4399. Calculate the highest common divisor of 1500 and w.
60
Let p(y) = 2*y + 57. Let l be p(-6). Suppose -l*s = -51*s - 66. Let o(i) = i**2 + 7*i + 16. Let b be o(s). What is the highest common factor of b and 24?
12
Let o be 0/(4/(-3)*3). Suppose 6*k - 2324 + 542 = o. Let u be (-3 - -4 - -53)/2. What is the highest common divisor of k and u?
27
Let r(j) = 6*j**2 - 9*j - 4. Let t be r(-6). Let x(s) = s**3 - 87*s**2 + 14. Let p be x(87). What is the highest common divisor of t and p?
14
Let h be -1*(1 - 2 - -18). Let z = 22 + h. Let w = z + 70. What is the greatest common factor of w and 15?
15
Let u be 51 - (-1 + 0/1). Let p be 11/((-66)/(-702))*((-736)/(-12))/23. Calculate the highest common factor of p and u.
52
Suppose 0 = n - y - 95 - 473, n - 5*y - 536 = 0. What is the highest common factor of 104 and n?
8
Let v(n) = 50*n + 133. Let g be v(5). Let s = g - 365. Calculate the highest common factor of 234 and s.
18
Suppose 0*i - i = -5*b + 147, -3*i - 6 = 0. Suppose b*j = 3*s + 27*j - 519, j = 5*s - 858. What is the greatest common factor of s and 18?
9
Suppose 0 = -2*c + 5*c - 3321. Let f be (-2)/((6/(-15))/((-902)/(-110))). Calculate the greatest common factor of f and c.
41
Suppose -236*j = -269*j + 4026. Calculate the greatest common factor of 2684 and j.
122
Let r = -13989 - -14115. Calculate the highest common factor of 1854 and r.
18
Let t be (-3)/2*(-6272)/192. Calculate the highest common divisor of 539 and t.
49
Suppose -s + 4*s + 3 = 0. Let r(c) = c**3 + c**2. Let x be r(s). Suppose x = -7*q + 8*q - 1. Calculate the greatest common factor of 5 and q.
1
Let k = -335 + 525. Let q = 195 - k. Calculate the highest common factor of q and 2.
1
Suppose -4*i = 5*y - 3*y - 146, 3*i - 4*y - 137 = 0. Let p = i - 36. Let o = -1 - -13. Calculate the highest common factor of o and p.
3
L